 127719714?
True
Is 355094220 a multiple of 3485?
False
Is 181999993 a multiple of 190?
False
Is 515766744 a multiple of 18?
True
Does 49 divide 8452206?
True
Is 4 a factor of 24644633?
False
Is 181158075 a multiple of 225?
True
Is 188 a factor of 325218869?
False
Is 66359376 a multiple of 258?
False
Does 1230 divide 680423413?
False
Is 66 a factor of 454897994?
False
Is 55072059 a multiple of 5?
False
Is 514374341 a multiple of 13?
True
Is 1774180860 a multiple of 258?
True
Is 545173993 a multiple of 2743?
True
Does 280 divide 45283560?
True
Is 130239865 a multiple of 2095?
True
Is 12862390 a multiple of 31?
False
Does 19 divide 15831675?
False
Does 17 divide 19782117?
False
Is 53 a factor of 113916928?
True
Is 91 a factor of 271302213?
True
Does 8 divide 57019520?
True
Does 11 divide 76489402?
True
Is 26 a factor of 1505217681?
False
Is 370 a factor of 73958190?
True
Does 2297 divide 1021574671?
True
Is 562 a factor of 183389643?
False
Is 4841 a factor of 315604154?
True
Does 610 divide 2809229340?
True
Is 1389 a factor of 519742467?
False
Is 2508607950 a multiple of 11?
False
Is 42780959 a multiple of 767?
True
Does 18 divide 60287884?
False
Is 1671 a factor of 63118997?
False
Is 5020869 a multiple of 51?
False
Is 36 a factor of 387976356?
True
Is 6 a factor of 9714783?
False
Is 35 a factor of 104193940?
False
Is 540 a factor of 6224040?
True
Is 166944571 a multiple of 31?
False
Is 476 a factor of 281558621?
False
Does 16 divide 120041952?
True
Does 3 divide 8746318?
False
Is 2886 a factor of 354764436?
True
Does 473 divide 3585340?
True
Is 1280 a factor of 1496645744?
False
Is 269 a factor of 146953355?
True
Does 11 divide 38759581?
False
Is 200021324 a multiple of 42?
False
Does 48 divide 32811216?
True
Does 1775 divide 2936686025?
True
Is 219 a factor of 2190623493?
True
Is 26 a factor of 4132931452?
True
Does 144 divide 141194606?
False
Is 1430555682 a multiple of 7?
False
Does 841 divide 3698765096?
True
Is 4 a factor of 3487772?
True
Is 157 a factor of 263140164?
True
Is 3836910 a multiple of 2?
True
Is 637 a factor of 3273543?
True
Does 10 divide 2181449?
False
Is 234245309 a multiple of 2668?
False
Is 1464 a factor of 1792729692?
False
Is 37 a factor of 2478618147?
False
Is 10 a factor of 2055060?
True
Is 19028218 a multiple of 61?
True
Is 2130 a factor of 44781870?
False
Does 762 divide 62146284?
False
Is 29 a factor of 2712444037?
True
Is 970808823 a multiple of 71?
False
Is 173831756 a multiple of 1457?
True
Does 109 divide 8336320?
True
Does 14 divide 1259604094?
True
Is 183607758 a multiple of 18?
True
Is 361 a factor of 383795706?
True
Does 1087 divide 143810602?
False
Is 896 a factor of 17698688?
True
Does 67 divide 202328074?
True
Is 2987023 a multiple of 129?
False
Is 115 a factor of 3092953213?
False
Is 178773312 a multiple of 286?
False
Is 346 a factor of 6955100832?
False
Is 7345927 a multiple of 262?
False
Does 18 divide 466345416?
False
Is 16 a factor of 688577019?
False
Does 1781 divide 1138234689?
False
Is 70 a factor of 675306940?
True
Does 734 divide 58633560?
False
Is 3 a factor of 31296281?
False
Does 10 divide 898982987?
False
Is 390219796 a multiple of 1558?
True
Does 5 divide 864064186?
False
Is 1491104 a multiple of 17?
True
Is 45666880 a multiple of 290?
True
Does 7 divide 20353679?
False
Is 442 a factor of 25969157?
False
Is 73 a factor of 38394081?
False
Does 6858 divide 1150491222?
True
Is 31746978 a multiple of 387?
False
Is 92811492 a multiple of 3552?
False
Is 37223926 a multiple of 2242?
True
Is 272714574 a multiple of 159?
True
Does 1848 divide 690255076?
False
Does 422 divide 518272548?
True
Does 43 divide 44301282?
False
Is 435459300 a multiple of 300?
True
Is 401 a factor of 902889111?
False
Is 53 a factor of 415492705?
True
Is 21 a factor of 50703446?
False
Does 1913 divide 88088372?
False
Does 1097 divide 9531833?
True
Does 82 divide 23974225?
False
Is 22 a factor of 159001876?
True
Is 2952 a factor of 3241095264?
True
Does 49 divide 5291069?
True
Is 1625403 a multiple of 4?
False
Does 251 divide 26301537?
True
Does 120 divide 691303845?
False
Does 5 divide 272163030?
True
Is 31388076 a multiple of 171?
True
Does 49 divide 253737221?
False
Does 269 divide 137846983?
False
Does 3223 divide 883014977?
False
Is 6 a factor of 4767852?
True
Is 1177 a factor of 1704929089?
False
Does 15 divide 20473736?
False
Does 252 divide 653198890?
False
Is 14 a factor of 172148830?
True
Does 25 divide 43687525?
True
Does 8 divide 18094696?
True
Is 726170227 a multiple of 536?
False
Is 211 a factor of 16353768?
False
Is 92 a factor of 2363965894?
False
Does 36 divide 663129163?
False
Does 14 divide 68217660?
True
Does 179 divide 27630573?
False
Is 49 a factor of 1175073802?
True
Is 11 a factor of 1573855?
False
Is 86901345 a multiple of 95?
True
Is 48736154 a multiple of 12?
False
Is 4 a factor of 14725394?
False
Is 45477579 a multiple of 41?
False
Is 104 a factor of 1206086232?
True
Is 14756490 a multiple of 2478?
True
Is 11 a factor of 152996437?
True
Is 45 a factor of 2927880977?
False
Does 23 divide 4886943331?
True
Is 13 a factor of 106730429?
True
Is 1480 a factor of 132633575?
False
Is 6 a factor of 6209340?
True
Is 37327968 a multiple of 1776?
True
Does 252 divide 27631044?
True
Is 113357625 a multiple of 78?
False
Is 38 a factor of 29522922?
True
Is 10741024 a multiple of 56?
True
Does 219 divide 12100188?
True
Is 71092746 a multiple of 6?
True
Is 871134022 a multiple of 22?
True
Is 1362856628 a multiple of 742?
True
Does 9 divide 563184?
True
Does 737 divide 10978352?
True
Is 1005 a factor of 204214995?
True
Is 13 a factor of 5209203?
False
Does 55 divide 906613290?
True
Does 16 divide 19741587?
False
Is 276385008 a multiple of 876?
True
Is 70 a factor of 1711391094?
False
Is 1693818035 a multiple of 7085?
True
Does 125 divide 287127125?
True
Is 3 a factor of 38019922?
False
Is 7679373 a multiple of 151?
False
Does 5 divide 673609175?
True
Is 1205108380 a multiple of 9?
False
Is 455 a factor of 973778?
False
Is 19491556 a multiple of 28?
True
Is 301 a factor of 5143379339?
True
Is 1657 a factor of 143860740?
True
Is 1844 a factor of 957895304?
True
Does 472 divide 76514032?
True
Is 11 a factor of 211128102?
False
Is 620 a factor of 246784724?
False
Is 9030068 a multiple of 1797?
False
Is 1173 a factor of 72307953?
False
Is 4614568 a multiple of 7?
True
Is 581 a factor of 20689750?
False
Does 217 divide 6707470?
True
Is 357 a factor of 9349473?
True
Is 41 a factor of 420124611?
False
Is 45 a factor of 48448035?
True
Is 1392 a factor of 33236439?
False
Is 1035818056 a multiple of 232?
True
Is 25130376 a multiple of 123?
True
Is 1853635940 a multiple of 10?
True
Is 85 a factor of 412809640?
True
Is 408155915 a multiple of 15?
False
Is 5 a factor of 3165872?
False
Is 624350811 a multiple of 7?
True
Does 247 divide 161032638?
True
Is 626706927 a multiple of 6?
False
Is 20157016 a multiple of 506?
True
Is 997673645 a multiple of 115?
True
Is 41844946 a multiple of 611?
True
Does 177 divide 4636341717?
True
Is 546787854 a multiple of 18?
True
Does 101 divide 279497397?
False
Does 128 divide 295119360?
True
Does 2359 divide 401015990?
False
Is 2002626228 a multiple of 1356?
True
Is 36331193 a multiple of 547?
True
Does 20 divide 1040880?
True
Is 256 a factor of 2585541699?
False
Is 238261180 a multiple of 5?
True
Is 1523984 a multiple of 43?
False
Is 466589256 a multiple of 143?
False
Is 895553790 a multiple of 7302?
True
Is 2 a factor of 57972394?
True
Is 50 a factor of 110933436?
False
Is 100 a factor of 5730038700?
True
Is 1998 a factor of 16485498?
True
Does 16 divide 479507938?
False
Is 12246461 a multiple of 47?
True
Does 919 divide 226375609?
False
Is 850 a factor of 8800050?
True
Does 17 divide 1375921?
False
Does 127 divide 43930710?
False
Does 699 divide 761320743?
True
Is 203 a factor of 287398671?
True
Is 714 a factor of 175288553?
False
Is 8973 a factor of 3333622041?
True
Is 30554253 a multiple of 27?
True
Does 1261 divide 247156?
True
Is 759 a factor of 38843343?
True
Is 166725155 a multiple of 28?
False
Is 17 a factor of 48333414?
True
Is 9984100 a multiple of 340?
True
Does 333 divide 484562286?
True
Is 23959020 a multiple of 310?
False
Is 276460625 a multiple of 725?
True
Is 1878488 even?
